ors of 17583?
3, 5861
What are the prime factors of 6697?
37, 181
What are the prime factors of 2930?
2, 5, 293
What are the prime factors of 1251?
3, 139
What are the prime factors of 54727?
54727
List the prime factors of 7029.
3, 11, 71
List the prime factors of 27427.
27427
List the prime factors of 8732.
2, 37, 59
What are the prime factors of 4414?
2, 2207
What are the prime factors of 16206?
2, 3, 37, 73
List the prime factors of 230.
2, 5, 23
What are the prime factors of 3117?
3, 1039
List the prime factors of 8636.
2, 17, 127
List the prime factors of 3163.
3163
List the prime factors of 22593.
3, 17, 443
List the prime factors of 24086.
2, 12043
List the prime factors of 500.
2, 5
What are the prime factors of 30431?
30431
List the prime factors of 5401.
11, 491
What are the prime factors of 9536?
2, 149
List the prime factors of 296.
2, 37
List the prime factors of 10682.
2, 7, 109
What are the prime factors of 3752?
2, 7, 67
What are the prime factors of 822?
2, 3, 137
What are the prime factors of 1770?
2, 3, 5, 59
List the prime factors of 2227.
17, 131
List the prime factors of 38242.
2, 19121
What are the prime factors of 1677?
3, 13, 43
What are the prime factors of 3600?
2, 3, 5
List the prime factors of 28256.
2, 883
What are the prime factors of 1632?
2, 3, 17
What are the prime factors of 45625?
5, 73
List the prime factors of 2748.
2, 3, 229
List the prime factors of 830.
2, 5, 83
List the prime factors of 53218.
2, 11, 41, 59
List the prime factors of 5974.
2, 29, 103
List the prime factors of 19095.
3, 5, 19, 67
List the prime factors of 47973.
3, 15991
What are the prime factors of 3938?
2, 11, 179
List the prime factors of 55798.
2, 23, 1213
What are the prime factors of 283?
283
List the prime factors of 11651.
61, 191
List the prime factors of 160027.
7, 22861
List the prime factors of 2741.
2741
List the prime factors of 41584.
2, 23, 113
List the prime factors of 10365.
3, 5, 691
List the prime factors of 145.
5, 29
What are the prime factors of 36292?
2, 43, 211
List the prime factors of 3244.
2, 811
What are the prime factors of 21466?
2, 10733
What are the prime factors of 1386?
2, 3, 7, 11
List the prime factors of 10262.
2, 7, 733
What are the prime factors of 7656?
2, 3, 11, 29
What are the prime factors of 18995?
5, 29, 131
What are the prime factors of 5076?
2, 3, 47
List the prime factors of 58163.
7, 1187
What are the prime factors of 51905?
5, 7, 1483
List the prime factors of 2039.
2039
What are the prime factors of 2990?
2, 5, 13, 23
List the prime factors of 14061.
3, 43, 109
What are the prime factors of 2317?
7, 331
List the prime factors of 362.
2, 181
What are the prime factors of 219?
3, 73
What are the prime factors of 893?
19, 47
What are the prime factors of 13250?
2, 5, 53
List the prime factors of 1086.
2, 3, 181
What are the prime factors of 30352?
2, 7, 271
List the prime factors of 7545.
3, 5, 503
List the prime factors of 6546.
2, 3, 1091
What are the prime factors of 7224?
2, 3, 7, 43
List the prime factors of 14324.
2, 3581
List the prime factors of 314.
2, 157
List the prime factors of 165308.
2, 11, 13, 17
List the prime factors of 1784.
2, 223
List the prime factors of 8029.
7, 31, 37
What are the prime factors of 39?
3, 13
What are the prime factors of 5714?
2, 2857
What are the prime factors of 105245?
5, 7, 31, 97
List the prime factors of 7677.
3, 853
List the prime factors of 319.
11, 29
List the prime factors of 1837.
11, 167
What are the prime factors of 42556?
2, 10639
What are the prime factors of 5362?
2, 7, 383
What are the prime factors of 2875?
5, 23
List the prime factors of 1156.
2, 17
List the prime factors of 4445.
5, 7, 127
What are the prime factors of 10309?
13, 61
List the prime factors of 23560.
2, 5, 19, 31
What are the prime factors of 9717?
3, 41, 79
List the prime factors of 8614.
2, 59, 73
What are the prime factors of 1373?
1373
List the prime factors of 7640.
2, 5, 191
What are the prime factors of 25706?
2, 12853
What are the prime factors of 12054?
2, 3, 7, 41
What are the prime factors of 5561?
67, 83
List the prime factors of 2908.
2, 727
List the prime factors of 100950.
2, 3, 5, 673
What are the prime factors of 18006?
2, 3, 3001
What are the prime factors of 1301?
1301
List the prime factors of 1762.
2, 881
What are the prime factors of 235?
5, 47
What are the prime factors of 60?
2, 3, 5
List the prime factors of 29897.
7, 4271
What are the prime factors of 555?
3, 5, 37
List the prime factors of 19581.
3, 61, 107
List the prime factors of 6473.
6473
List the prime factors of 15317.
17, 53
What are the prime factors of 1424?
2, 89
What are the prime factors of 51330?
2, 3, 5, 29, 59
What are the prime factors of 8064?
2, 3, 7
What are the prime factors of 848?
2, 53
List the prime factors of 794.
2, 397
List the prime factors of 15720.
2, 3, 5, 131
List the prime factors of 584.
2, 73
List the prime factors of 27166.
2, 17, 47
List the prime factors of 61698.
2, 3, 7, 13, 113
What are the prime factors of 8393?
7, 11, 109
List the prime factors of 58506.
2, 3, 7, 199
What are the prime factors of 4795?
5, 7, 137
What are the prime factors of 421?
421
What are the prime factors of 497?
7, 71
List the prime factors of 3200.
2, 5
List the prime factors of 50349.
3, 13, 1291
List the prime factors of 66301.
66301
List the prime factors of 1886.
2, 23, 41
What are the prime factors of 5182?
2, 2591
List the prime factors of 7821.
3, 11, 79
List the prime factors of 7390.
2, 5, 739
List the prime factors of 46804.
2, 11701
List the prime factors of 898.
2, 449
What are the prime factors of 608?
2, 19
What are the prime factors of 710?
2, 5, 71
List the prime factors of 38744.
2, 29, 167
List the prime factors of 54202.
2, 41, 661
What are the prime factors of 9749?
9749
What are the prime factors of 70524?
2, 3, 653
List the prime factors of 22625.
5, 181
List the prime factors of 12733.
7, 17, 107
What are the prime factors of 47687?
43, 1109
What are the prime factors of 1492?
2, 373
What are the prime factors of 16381?
16381
List the prime factors of 12378.
2, 3, 2063
List the prime factors of 129727.
13, 17, 587
List the prime factors of 6292.
2, 11, 13
What are the prime factors of 423?
3, 47
What are the prime factors of 7766?
2, 11, 353
List the prime factors of 4693.
13, 19
List the prime factors of 2153.
2153
What are the prime factors of 2131?
2131
List the prime factors of 2742.
2, 3, 457
List the prime factors of 21301.
7, 17, 179
List the prime factors of 1023.
3, 11, 31
List the prime factors of 536.
2, 67
List the prime factors of 7137.
3, 13, 61
What are the prime factors of 51174?
2, 3, 2843
List the prime factors of 34418.
2, 17209
What are the prime factors of 1858?
2, 929
What are the prime factors of 2692?
2, 673
What are the prime factors of 4211?
4211
List the prime factors of 340.
2, 5, 17
What are the prime factors of 22143?
3, 11, 61
List the prime factors of 4246.
2, 11, 193
List the prime factors of 138436.
2, 53, 653
What are the prime factors of 80918?
2, 40459
What are the prime factors of 1739?
37, 47
List the prime factors of 98549.
11, 17, 31
List the prime factors of 2280.
2, 3, 5, 19
What are the prime factors of 103197?
3, 41, 839
What are the prime factors of 76081?
76081
List the prime factors of 28260.
2, 3, 5, 157
What are the prime factors of 4131?
3, 17
List the prime factors of 93417.
3, 31139
What are the prime factors of 19457?
19457
What are the prime factors of 58348?
2, 29, 503
What are the prime factors of 48029?
48029
List the prime factors of 13335.
3, 5, 7, 127
What are the prime factors of 11081?
7, 1583
List the prime factors of 26653.
11, 2423
List the prime factors of 37609.
11, 13, 263
What are the prime factors of 4401?
3, 163
List the prime factors of 61793.
61, 1013
List the prime factors of 11141.
13, 857
What are the prime factors of 478?
2, 239
What are the prime factors of 39958?
2, 19979
List the prime factors of 61029.
3, 6781
List the prime factors of 56294.
2, 7, 4021
List the prime factors of 722.
2, 19
List the prime factors of 4576.
2, 11, 13
What are the prime factors of 15753?
3, 59, 89
List the prime factors of 1759.
1759
List the prime factors of 41498.
2, 20749
List the